{"id":140,"date":"2026-01-22T09:35:58","date_gmt":"2026-01-22T09:35:58","guid":{"rendered":"http:\/\/cpakkcb.cluster121.hosting.ovh.net\/?page_id=140"},"modified":"2026-01-23T08:58:20","modified_gmt":"2026-01-23T08:58:20","slug":"contact","status":"publish","type":"page","link":"http:\/\/id-ingenierie-tmd.com\/index.php\/contact\/","title":{"rendered":"Contact"},"content":{"rendered":"\t\t<div data-elementor-type=\"wp-page\" data-elementor-id=\"140\" class=\"elementor elementor-140\">\n\t\t\t\t<div class=\"elementor-element elementor-element-44532a11 e-con-full e-flex e-con e-parent\" data-id=\"44532a11\" data-element_type=\"container\">\n\t\t<div class=\"elementor-element elementor-element-47fd350d e-con-full e-flex e-con e-child\" data-id=\"47fd350d\" data-element_type=\"container\">\n\t\t\t\t<div class=\"elementor-element elementor-element-8c326fa elementor-widget__width-initial elementor-widget elementor-widget-heading\" data-id=\"8c326fa\" data-element_type=\"widget\" data-widget_type=\"heading.default\">\n\t\t\t\t\t<h1 class=\"elementor-heading-title elementor-size-default\">Nous conatcter<\/h1>\t\t\t\t<\/div>\n\t\t\t\t<div class=\"elementor-element elementor-element-19ea2a98 elementor-invisible elementor-widget elementor-widget-text-editor\" data-id=\"19ea2a98\" data-element_type=\"widget\" data-settings=\"{&quot;_animation&quot;:&quot;fadeInUp&quot;}\" data-widget_type=\"text-editor.default\">\n\t\t\t\t\t\t\t\t\t<p>Nous serons ravis d\u2019avoir de vos nouvelles. N\u2019h\u00e9sitez pas \u00e0 nous contacter en utilisant les coordonn\u00e9es ci-dessous.<\/p>\t\t\t\t\t\t\t\t<\/div>\n\t\t\t\t<\/div>\n\t\t\t\t<\/div>\n\t\t<div class=\"elementor-element elementor-element-316c87c2 e-con-full e-flex e-con e-parent\" data-id=\"316c87c2\" data-element_type=\"container\" data-settings=\"{&quot;background_background&quot;:&quot;classic&quot;}\">\n\t\t<div class=\"elementor-element elementor-element-32be6e5b e-con-full e-flex e-con e-child\" data-id=\"32be6e5b\" data-element_type=\"container\">\n\t\t\t\t<div class=\"elementor-element elementor-element-25b347e3 elementor-widget elementor-widget-image\" data-id=\"25b347e3\" data-element_type=\"widget\" data-widget_type=\"image.default\">\n\t\t\t\t\t\t\t\t\t\t\t\t\t\t\t<img fetchpriority=\"high\" decoding=\"async\" width=\"1024\" height=\"871\" src=\"https:\/\/id-ingenierie-tmd.com\/wp-content\/uploads\/2026\/01\/id-1024x871.png\" class=\"attachment-large size-large wp-image-176\" alt=\"\" srcset=\"https:\/\/id-ingenierie-tmd.com\/wp-content\/uploads\/2026\/01\/id-1024x871.png 1024w, https:\/\/id-ingenierie-tmd.com\/wp-content\/uploads\/2026\/01\/id-300x255.png 300w, https:\/\/id-ingenierie-tmd.com\/wp-content\/uploads\/2026\/01\/id-768x653.png 768w, https:\/\/id-ingenierie-tmd.com\/wp-content\/uploads\/2026\/01\/id.png 1084w\" sizes=\"(max-width: 1024px) 100vw, 1024px\" \/>\t\t\t\t\t\t\t\t\t\t\t\t\t\t\t<\/div>\n\t\t\t\t<\/div>\n\t\t<div class=\"elementor-element elementor-element-3e9e5351 e-con-full e-flex e-con e-child\" data-id=\"3e9e5351\" data-element_type=\"container\">\n\t\t\t\t<div class=\"elementor-element elementor-element-21c1e19d elementor-align-start elementor-icon-list--layout-traditional elementor-list-item-link-full_width elementor-widget elementor-widget-icon-list\" data-id=\"21c1e19d\" data-element_type=\"widget\" data-widget_type=\"icon-list.default\">\n\t\t\t\t\t\t\t<ul class=\"elementor-icon-list-items\">\n\t\t\t\t\t\t\t<li class=\"elementor-icon-list-item\">\n\t\t\t\t\t\t\t\t\t\t<span class=\"elementor-icon-list-text\"><b>Address:<\/b> Wanindara\/commune de lambanyi, conakry 224 Guin\u00e9e<\/span>\n\t\t\t\t\t\t\t\t\t<\/li>\n\t\t\t\t\t\t\t\t<li class=\"elementor-icon-list-item\">\n\t\t\t\t\t\t\t\t\t\t<span class=\"elementor-icon-list-text\"><b>Hours:<\/b> Lundi-Vendredi de 8:30AM - 5:00PM<\/span>\n\t\t\t\t\t\t\t\t\t<\/li>\n\t\t\t\t\t\t\t\t<li class=\"elementor-icon-list-item\">\n\t\t\t\t\t\t\t\t\t\t<span class=\"elementor-icon-list-text\"><b>Phone:<\/b> (+224) 664 31 22 02\/ 620799236<\/span>\n\t\t\t\t\t\t\t\t\t<\/li>\n\t\t\t\t\t\t\t\t<li class=\"elementor-icon-list-item\">\n\t\t\t\t\t\t\t\t\t\t<span class=\"elementor-icon-list-text\"><b>Email:<\/b> contact@id-ingenierie-tmd.com<\/span>\n\t\t\t\t\t\t\t\t\t<\/li>\n\t\t\t\t\t\t<\/ul>\n\t\t\t\t\t\t<\/div>\n\t\t\t\t<\/div>\n\t\t\t\t<\/div>\n\t\t<div class=\"elementor-element elementor-element-629bedb0 e-con-full e-flex e-con e-parent\" data-id=\"629bedb0\" data-element_type=\"container\">\n\t\t<div class=\"elementor-element elementor-element-45be1158 e-con-full e-flex e-con e-child\" data-id=\"45be1158\" data-element_type=\"container\" data-settings=\"{&quot;background_background&quot;:&quot;classic&quot;}\">\n\t\t\t\t<div class=\"elementor-element elementor-element-088be64 elementor-widget elementor-widget-formidable\" data-id=\"088be64\" data-element_type=\"widget\" data-widget_type=\"formidable.default\">\n\t\t\t\t<div class=\"elementor-widget-container\">\n\t\t\t\t\t<div class=\"frm_forms  with_frm_style frm_style_style-formidable\" id=\"frm_form_4_container\" data-token=\"9478cc6e08571a8d6edcca4f0605f2b3\">\n<form enctype=\"multipart\/form-data\" method=\"post\" class=\"frm-show-form \" id=\"form_contact\" data-token=\"9478cc6e08571a8d6edcca4f0605f2b3\">\n<div class=\"frm_form_fields \">\n<fieldset>\n<legend class=\"frm_screen_reader\">Contact<\/legend>\r\n<h3 class=\"frm_form_title\">Contact<\/h3>\r\n<div class=\"frm_fields_container\">\n<input type=\"hidden\" name=\"frm_action\" value=\"create\" \/>\n<input type=\"hidden\" name=\"form_id\" value=\"4\" \/>\n<input type=\"hidden\" name=\"frm_hide_fields_4\" id=\"frm_hide_fields_4\" value=\"\" \/>\n<input type=\"hidden\" name=\"form_key\" value=\"contact\" \/>\n<input type=\"hidden\" name=\"item_meta[0]\" value=\"\" \/>\n<input type=\"hidden\" id=\"frm_submit_entry_4\" name=\"frm_submit_entry_4\" value=\"6cb48c57be\" \/><input type=\"hidden\" name=\"_wp_http_referer\" value=\"\/index.php\/wp-json\/wp\/v2\/pages\/140\" \/><div id=\"frm_field_13_container\" class=\"frm_form_field form-field  frm_required_field frm_top_container frm12 frm_first\">\r\n\t<label for=\"field_sui0a\" id=\"field_sui0a_label\" class=\"frm_primary_label\">Pr\u00e9nom\r\n\t\t<span class=\"frm_required\" aria-hidden=\"true\">*<\/span>\r\n\t<\/label>\r\n\t<input type=\"text\" id=\"field_sui0a\" name=\"item_meta[13]\" value=\"\"  data-reqmsg=\"Pr\u00e9nom ne peut pas \u00eatre vide.\" aria-required=\"true\" data-invmsg=\"Pr\u00e9nom est non valide\" aria-invalid=\"false\"  \/>\r\n\t\r\n\t\r\n<\/div>\n<div id=\"frm_field_15_container\" class=\"frm_form_field form-field  frm_required_field frm_top_container frm12 frm_first\">\r\n\t<label for=\"field_nd84f\" id=\"field_nd84f_label\" class=\"frm_primary_label\">Email\r\n\t\t<span class=\"frm_required\" aria-hidden=\"true\">*<\/span>\r\n\t<\/label>\r\n\t<input type=\"text\" id=\"field_nd84f\" name=\"item_meta[15]\" value=\"\"  data-reqmsg=\"Email ne peut pas \u00eatre vide.\" aria-required=\"true\" data-invmsg=\"Email est non valide\" aria-invalid=\"false\"  \/>\r\n\t\r\n\t\r\n<\/div>\n<div id=\"frm_field_17_container\" class=\"frm_form_field form-field  frm_top_container\">\r\n\t<label for=\"field_kxpad\" id=\"field_kxpad_label\" class=\"frm_primary_label\">Sujet\r\n\t\t<span class=\"frm_required\" aria-hidden=\"true\"><\/span>\r\n\t<\/label>\r\n\t<input type=\"text\" id=\"field_kxpad\" name=\"item_meta[17]\" value=\"\"  data-invmsg=\"Sujet est non valide\" aria-invalid=\"false\"  \/>\r\n\t\r\n\t\r\n<\/div>\n<div id=\"frm_field_18_container\" class=\"frm_form_field form-field  frm_top_container\">\r\n\t<label for=\"field_6vmxh\" id=\"field_6vmxh_label\" class=\"frm_primary_label\">Message\r\n\t\t<span class=\"frm_required\" aria-hidden=\"true\"><\/span>\r\n\t<\/label>\r\n\t<textarea name=\"item_meta[18]\" id=\"field_6vmxh\" rows=\"5\"  data-invmsg=\"Message est non valide\" aria-invalid=\"false\"  ><\/textarea>\r\n\t\r\n\t\r\n<\/div>\n<div id=\"frm_field_10_container\" class=\"frm_form_field form-field  frm12 frm_first\">\r\n\t<div class=\"frm_submit frm_flex\">\r\n<button class=\"frm_button_submit\" type=\"submit\"  >Envoyer<\/button>\r\n\r\n\r\n\r\n<\/div>\r\n<\/div>\n\t<input type=\"hidden\" name=\"item_key\" value=\"\" \/>\n\t\t\t<div id=\"frm_field_19_container\">\n\t\t\t<label for=\"field_h96io\" >\n\t\t\t\tSi vous \u00eates un humain, ne remplissez pas ce champ.\t\t\t<\/label>\n\t\t\t<input  id=\"field_h96io\" type=\"text\" class=\"frm_form_field form-field frm_verify\" name=\"item_meta[19]\" value=\"\"  \/>\n\t\t<\/div>\n\t\t<input name=\"frm_state\" type=\"hidden\" value=\"eUpCz4aknn10ks9R\/eTjHFrZduk\/9lMPHDtskLRGEuw=\" \/><\/div>\n<\/fieldset>\n<\/div>\n\n<p style=\"display: none !important;\" class=\"akismet-fields-container\" data-prefix=\"ak_\"><label>&#916;<textarea name=\"ak_hp_textarea\" cols=\"45\" rows=\"8\" maxlength=\"100\"><\/textarea><\/label><input type=\"hidden\" id=\"ak_js_1\" name=\"ak_js\" value=\"124\"\/><script>document.getElementById( \"ak_js_1\" ).setAttribute( \"value\", ( new Date() ).getTime() );<\/script><\/p><\/form>\n<\/div>\n\t\t\t\t<\/div>\n\t\t\t\t<\/div>\n\t\t\t\t<\/div>\n\t\t\t\t<\/div>\n\t\t\t\t<\/div>\n\t\t","protected":false},"excerpt":{"rendered":"<p>Nous conatcter Nous serons ravis d\u2019avoir de vos nouvelles. N\u2019h\u00e9sitez pas \u00e0 nous contacter en utilisant les coordonn\u00e9es ci-dessous. Address: Wanindara\/commune de lambanyi, conakry 224 Guin\u00e9e Hours: Lundi-Vendredi de 8:30AM &#8211; 5:00PM Phone: (+224) 664 31 22 02\/ 620799236 Email: contact@id-ingenierie-tmd.com Contact Contact Pr\u00e9nom * Email * Sujet Message Envoyer Si vous \u00eates un humain, [&hellip;]<\/p>\n","protected":false},"author":1,"featured_media":0,"parent":0,"menu_order":0,"comment_status":"closed","ping_status":"closed","template":"","meta":{"_eb_attr":"","footnotes":""},"class_list":["post-140","page","type-page","status-publish","hentry"],"yoast_head":"<!-- This site is optimized with the Yoast SEO plugin v26.8 - https:\/\/yoast.com\/product\/yoast-seo-wordpress\/ -->\n<title>Contact - GROUPE ID-INGENIERIE-TMD<\/title>\n<meta name=\"robots\" content=\"noindex, follow, max-snippet:-1, max-image-preview:large, max-video-preview:-1\" \/>\n<meta property=\"og:locale\" content=\"fr_FR\" \/>\n<meta property=\"og:type\" content=\"article\" \/>\n<meta property=\"og:title\" content=\"Contact - GROUPE ID-INGENIERIE-TMD\" \/>\n<meta property=\"og:description\" content=\"Nous conatcter Nous serons ravis d\u2019avoir de vos nouvelles. N\u2019h\u00e9sitez pas \u00e0 nous contacter en utilisant les coordonn\u00e9es ci-dessous. Address: Wanindara\/commune de lambanyi, conakry 224 Guin\u00e9e Hours: Lundi-Vendredi de 8:30AM &#8211; 5:00PM Phone: (+224) 664 31 22 02\/ 620799236 Email: contact@id-ingenierie-tmd.com Contact Contact Pr\u00e9nom * Email * Sujet Message Envoyer Si vous \u00eates un humain, [&hellip;]\" \/>\n<meta property=\"og:url\" content=\"http:\/\/id-ingenierie-tmd.com\/index.php\/contact\/\" \/>\n<meta property=\"og:site_name\" content=\"GROUPE ID-INGENIERIE-TMD\" \/>\n<meta property=\"article:modified_time\" content=\"2026-01-23T08:58:20+00:00\" \/>\n<meta property=\"og:image\" content=\"http:\/\/cpakkcb.cluster121.hosting.ovh.net\/wp-content\/uploads\/2026\/01\/id-1024x871.png\" \/>\n<meta name=\"twitter:card\" content=\"summary_large_image\" \/>\n<meta name=\"twitter:label1\" content=\"Dur\u00e9e de lecture estim\u00e9e\" \/>\n\t<meta name=\"twitter:data1\" content=\"1 minute\" \/>\n<script type=\"application\/ld+json\" class=\"yoast-schema-graph\">{\"@context\":\"https:\/\/schema.org\",\"@graph\":[{\"@type\":\"WebPage\",\"@id\":\"http:\/\/id-ingenierie-tmd.com\/index.php\/contact\/\",\"url\":\"http:\/\/id-ingenierie-tmd.com\/index.php\/contact\/\",\"name\":\"Contact - GROUPE ID-INGENIERIE-TMD\",\"isPartOf\":{\"@id\":\"https:\/\/id-ingenierie-tmd.com\/#website\"},\"primaryImageOfPage\":{\"@id\":\"http:\/\/id-ingenierie-tmd.com\/index.php\/contact\/#primaryimage\"},\"image\":{\"@id\":\"http:\/\/id-ingenierie-tmd.com\/index.php\/contact\/#primaryimage\"},\"thumbnailUrl\":\"http:\/\/cpakkcb.cluster121.hosting.ovh.net\/wp-content\/uploads\/2026\/01\/id-1024x871.png\",\"datePublished\":\"2026-01-22T09:35:58+00:00\",\"dateModified\":\"2026-01-23T08:58:20+00:00\",\"breadcrumb\":{\"@id\":\"http:\/\/id-ingenierie-tmd.com\/index.php\/contact\/#breadcrumb\"},\"inLanguage\":\"fr-FR\",\"potentialAction\":[{\"@type\":\"ReadAction\",\"target\":[\"http:\/\/id-ingenierie-tmd.com\/index.php\/contact\/\"]}]},{\"@type\":\"ImageObject\",\"inLanguage\":\"fr-FR\",\"@id\":\"http:\/\/id-ingenierie-tmd.com\/index.php\/contact\/#primaryimage\",\"url\":\"http:\/\/cpakkcb.cluster121.hosting.ovh.net\/wp-content\/uploads\/2026\/01\/id-1024x871.png\",\"contentUrl\":\"http:\/\/cpakkcb.cluster121.hosting.ovh.net\/wp-content\/uploads\/2026\/01\/id-1024x871.png\"},{\"@type\":\"BreadcrumbList\",\"@id\":\"http:\/\/id-ingenierie-tmd.com\/index.php\/contact\/#breadcrumb\",\"itemListElement\":[{\"@type\":\"ListItem\",\"position\":1,\"name\":\"Accueil\",\"item\":\"https:\/\/id-ingenierie-tmd.com\/\"},{\"@type\":\"ListItem\",\"position\":2,\"name\":\"Contact\"}]},{\"@type\":\"WebSite\",\"@id\":\"https:\/\/id-ingenierie-tmd.com\/#website\",\"url\":\"https:\/\/id-ingenierie-tmd.com\/\",\"name\":\"GROUPE ID-INGENIERIE-TMD\",\"description\":\"Votre vision. Notre ing\u00e9nierie. Un projet abouti.\",\"publisher\":{\"@id\":\"https:\/\/id-ingenierie-tmd.com\/#organization\"},\"potentialAction\":[{\"@type\":\"SearchAction\",\"target\":{\"@type\":\"EntryPoint\",\"urlTemplate\":\"https:\/\/id-ingenierie-tmd.com\/?s={search_term_string}\"},\"query-input\":{\"@type\":\"PropertyValueSpecification\",\"valueRequired\":true,\"valueName\":\"search_term_string\"}}],\"inLanguage\":\"fr-FR\"},{\"@type\":\"Organization\",\"@id\":\"https:\/\/id-ingenierie-tmd.com\/#organization\",\"name\":\"GROUPE ID-INGENIERIE-TMD\",\"url\":\"https:\/\/id-ingenierie-tmd.com\/\",\"logo\":{\"@type\":\"ImageObject\",\"inLanguage\":\"fr-FR\",\"@id\":\"https:\/\/id-ingenierie-tmd.com\/#\/schema\/logo\/image\/\",\"url\":\"http:\/\/id-ingenierie-tmd.com\/wp-content\/uploads\/2026\/01\/cropped-cropped-LOG-2-1-1.png\",\"contentUrl\":\"http:\/\/id-ingenierie-tmd.com\/wp-content\/uploads\/2026\/01\/cropped-cropped-LOG-2-1-1.png\",\"width\":410,\"height\":442,\"caption\":\"GROUPE ID-INGENIERIE-TMD\"},\"image\":{\"@id\":\"https:\/\/id-ingenierie-tmd.com\/#\/schema\/logo\/image\/\"}}]}<\/script>\n<!-- \/ Yoast SEO plugin. -->","yoast_head_json":{"title":"Contact - GROUPE ID-INGENIERIE-TMD","robots":{"index":"noindex","follow":"follow","max-snippet":"max-snippet:-1","max-image-preview":"max-image-preview:large","max-video-preview":"max-video-preview:-1"},"og_locale":"fr_FR","og_type":"article","og_title":"Contact - GROUPE ID-INGENIERIE-TMD","og_description":"Nous conatcter Nous serons ravis d\u2019avoir de vos nouvelles. N\u2019h\u00e9sitez pas \u00e0 nous contacter en utilisant les coordonn\u00e9es ci-dessous. Address: Wanindara\/commune de lambanyi, conakry 224 Guin\u00e9e Hours: Lundi-Vendredi de 8:30AM &#8211; 5:00PM Phone: (+224) 664 31 22 02\/ 620799236 Email: contact@id-ingenierie-tmd.com Contact Contact Pr\u00e9nom * Email * Sujet Message Envoyer Si vous \u00eates un humain, [&hellip;]","og_url":"http:\/\/id-ingenierie-tmd.com\/index.php\/contact\/","og_site_name":"GROUPE ID-INGENIERIE-TMD","article_modified_time":"2026-01-23T08:58:20+00:00","og_image":[{"url":"http:\/\/cpakkcb.cluster121.hosting.ovh.net\/wp-content\/uploads\/2026\/01\/id-1024x871.png","type":"","width":"","height":""}],"twitter_card":"summary_large_image","twitter_misc":{"Dur\u00e9e de lecture estim\u00e9e":"1 minute"},"schema":{"@context":"https:\/\/schema.org","@graph":[{"@type":"WebPage","@id":"http:\/\/id-ingenierie-tmd.com\/index.php\/contact\/","url":"http:\/\/id-ingenierie-tmd.com\/index.php\/contact\/","name":"Contact - GROUPE ID-INGENIERIE-TMD","isPartOf":{"@id":"https:\/\/id-ingenierie-tmd.com\/#website"},"primaryImageOfPage":{"@id":"http:\/\/id-ingenierie-tmd.com\/index.php\/contact\/#primaryimage"},"image":{"@id":"http:\/\/id-ingenierie-tmd.com\/index.php\/contact\/#primaryimage"},"thumbnailUrl":"http:\/\/cpakkcb.cluster121.hosting.ovh.net\/wp-content\/uploads\/2026\/01\/id-1024x871.png","datePublished":"2026-01-22T09:35:58+00:00","dateModified":"2026-01-23T08:58:20+00:00","breadcrumb":{"@id":"http:\/\/id-ingenierie-tmd.com\/index.php\/contact\/#breadcrumb"},"inLanguage":"fr-FR","potentialAction":[{"@type":"ReadAction","target":["http:\/\/id-ingenierie-tmd.com\/index.php\/contact\/"]}]},{"@type":"ImageObject","inLanguage":"fr-FR","@id":"http:\/\/id-ingenierie-tmd.com\/index.php\/contact\/#primaryimage","url":"http:\/\/cpakkcb.cluster121.hosting.ovh.net\/wp-content\/uploads\/2026\/01\/id-1024x871.png","contentUrl":"http:\/\/cpakkcb.cluster121.hosting.ovh.net\/wp-content\/uploads\/2026\/01\/id-1024x871.png"},{"@type":"BreadcrumbList","@id":"http:\/\/id-ingenierie-tmd.com\/index.php\/contact\/#breadcrumb","itemListElement":[{"@type":"ListItem","position":1,"name":"Accueil","item":"https:\/\/id-ingenierie-tmd.com\/"},{"@type":"ListItem","position":2,"name":"Contact"}]},{"@type":"WebSite","@id":"https:\/\/id-ingenierie-tmd.com\/#website","url":"https:\/\/id-ingenierie-tmd.com\/","name":"GROUPE ID-INGENIERIE-TMD","description":"Votre vision. Notre ing\u00e9nierie. Un projet abouti.","publisher":{"@id":"https:\/\/id-ingenierie-tmd.com\/#organization"},"potentialAction":[{"@type":"SearchAction","target":{"@type":"EntryPoint","urlTemplate":"https:\/\/id-ingenierie-tmd.com\/?s={search_term_string}"},"query-input":{"@type":"PropertyValueSpecification","valueRequired":true,"valueName":"search_term_string"}}],"inLanguage":"fr-FR"},{"@type":"Organization","@id":"https:\/\/id-ingenierie-tmd.com\/#organization","name":"GROUPE ID-INGENIERIE-TMD","url":"https:\/\/id-ingenierie-tmd.com\/","logo":{"@type":"ImageObject","inLanguage":"fr-FR","@id":"https:\/\/id-ingenierie-tmd.com\/#\/schema\/logo\/image\/","url":"http:\/\/id-ingenierie-tmd.com\/wp-content\/uploads\/2026\/01\/cropped-cropped-LOG-2-1-1.png","contentUrl":"http:\/\/id-ingenierie-tmd.com\/wp-content\/uploads\/2026\/01\/cropped-cropped-LOG-2-1-1.png","width":410,"height":442,"caption":"GROUPE ID-INGENIERIE-TMD"},"image":{"@id":"https:\/\/id-ingenierie-tmd.com\/#\/schema\/logo\/image\/"}}]}},"_links":{"self":[{"href":"http:\/\/id-ingenierie-tmd.com\/index.php\/wp-json\/wp\/v2\/pages\/140","targetHints":{"allow":["GET"]}}],"collection":[{"href":"http:\/\/id-ingenierie-tmd.com\/index.php\/wp-json\/wp\/v2\/pages"}],"about":[{"href":"http:\/\/id-ingenierie-tmd.com\/index.php\/wp-json\/wp\/v2\/types\/page"}],"author":[{"embeddable":true,"href":"http:\/\/id-ingenierie-tmd.com\/index.php\/wp-json\/wp\/v2\/users\/1"}],"replies":[{"embeddable":true,"href":"http:\/\/id-ingenierie-tmd.com\/index.php\/wp-json\/wp\/v2\/comments?post=140"}],"version-history":[{"count":7,"href":"http:\/\/id-ingenierie-tmd.com\/index.php\/wp-json\/wp\/v2\/pages\/140\/revisions"}],"predecessor-version":[{"id":202,"href":"http:\/\/id-ingenierie-tmd.com\/index.php\/wp-json\/wp\/v2\/pages\/140\/revisions\/202"}],"wp:attachment":[{"href":"http:\/\/id-ingenierie-tmd.com\/index.php\/wp-json\/wp\/v2\/media?parent=140"}],"curies":[{"name":"wp","href":"https:\/\/api.w.org\/{rel}","templated":true}]}}